{"id":132,"date":"2019-02-09T12:36:37","date_gmt":"2019-02-09T12:36:37","guid":{"rendered":"http:\/\/jrab.ddns.net\/?page_id=132"},"modified":"2019-03-05T00:05:46","modified_gmt":"2019-03-05T00:05:46","slug":"campo-de-ferias","status":"publish","type":"page","link":"https:\/\/www.crescersemrisco.com\/?page_id=132","title":{"rendered":"Campo de F\u00e9rias"},"content":{"rendered":"\n<p style=\"text-align:center\">No ver\u00e3o de 2009, a Associa\u00e7\u00e3o de Solidariedade Social Crescer Sem Risco constatou que existia a car\u00eancia de uma resposta para ocupa\u00e7\u00e3o dos tempos livres das crian\u00e7as e jovens dos concelhos de S\u00e3o Vicente e Ribeira Brava, ao longo das f\u00e9rias de ver\u00e3o. Desde ent\u00e3o, a equipa da Associa\u00e7\u00e3o promove o \u201cCampo de F\u00e9rias de Ver\u00e3o CSR\u201d, no qual desenvolve um variado leque de atividades l\u00fadicas sempre aliadas a uma componente. Jogos e din\u00e2micas de coopera\u00e7\u00e3o e de regras; idas \u00e0 praia e ao cinema; visitas a locais de enriquecimento educativo tais como as Grutas de S\u00e3o Vicente, o Parque Tem\u00e1tico da Madeira, as Reservas Naturais, o Centro H\u00edpico do Santo da Serra s\u00e3o alguns exemplos de atividades desenvolvidas nesta iniciativa da Crescer Sem Risco.<\/p>\n\n\n\n<p style=\"text-align:center\">O Campo de F\u00e9rias de Ver\u00e3o CSR inicia-se no final do m\u00eas de Junho e termina na segunda semana de Setembro, tem como destinat\u00e1rios crian\u00e7as e jovens como idades compreendidas entre os 6 e 14 anos, dos concelhos de S\u00e3o Vicente e Ribeira Brava. As inscri\u00e7\u00f5es s\u00e3o realizadas na sede da Associa\u00e7\u00e3o ou atrav\u00e9s das redes sociais.<\/p>\n\n\n\n<hr class=\"wp-block-separator\"\/>\n","protected":false},"excerpt":{"rendered":"<p>No ver\u00e3o de 2009, a Associa\u00e7\u00e3o de Solidariedade Social Crescer Sem Risco constatou que existia a car\u00eancia de uma resposta para ocupa\u00e7\u00e3o dos tempos livres das crian\u00e7as e jovens dos concelhos de S\u00e3o Vicente e Ribeira Brava, ao longo das<\/p>\n","protected":false},"author":1,"featured_media":0,"parent":0,"menu_order":0,"comment_status":"closed","ping_status":"closed","template":"","meta":{"sfsi_plus_gutenberg_text_before_share":"","sfsi_plus_gutenberg_show_text_before_share":"","sfsi_plus_gutenberg_icon_type":"","sfsi_plus_gutenberg_icon_alignemt":"","sfsi_plus_gutenburg_max_per_row":"","footnotes":""},"_links":{"self":[{"href":"https:\/\/www.crescersemrisco.com\/index.php?rest_route=\/wp\/v2\/pages\/132"}],"collection":[{"href":"https:\/\/www.crescersemrisco.com\/index.php?rest_route=\/wp\/v2\/pages"}],"about":[{"href":"https:\/\/www.crescersemrisco.com\/index.php?rest_route=\/wp\/v2\/types\/page"}],"author":[{"embeddable":true,"href":"https:\/\/www.crescersemrisco.com\/index.php?rest_route=\/wp\/v2\/users\/1"}],"replies":[{"embeddable":true,"href":"https:\/\/www.crescersemrisco.com\/index.php?rest_route=%2Fwp%2Fv2%2Fcomments&post=132"}],"version-history":[{"count":2,"href":"https:\/\/www.crescersemrisco.com\/index.php?rest_route=\/wp\/v2\/pages\/132\/revisions"}],"predecessor-version":[{"id":244,"href":"https:\/\/www.crescersemrisco.com\/index.php?rest_route=\/wp\/v2\/pages\/132\/revisions\/244"}],"wp:attachment":[{"href":"https:\/\/www.crescersemrisco.com\/index.php?rest_route=%2Fwp%2Fv2%2Fmedia&parent=132"}],"curies":[{"name":"wp","href":"https:\/\/api.w.org\/{rel}","templated":true}]}}

Campo de Férias

<p style="text-align:center">No verão de 2009, a Associação de Solidariedade Social Crescer Sem Risco constatou que existia a carência de uma resposta para ocupação dos tempos livres das crianças e jovens dos concelhos de São Vicente e Ribeira Brava, ao longo das férias de verão. Desde então, a equipa da Associação promove o “Campo de Férias de Verão CSR”, no qual desenvolve um variado leque de atividades lúdicas sempre aliadas a uma componente. Jogos e dinâmicas de cooperação e de regras; idas à praia e ao cinema; visitas a locais de enriquecimento educativo tais como as Grutas de São Vicente, o Parque Temático da Madeira, as Reservas Naturais, o Centro Hípico do Santo da Serra são alguns exemplos de atividades desenvolvidas nesta iniciativa da Crescer Sem Risco.</p>



<p style="text-align:center">O Campo de Férias de Verão CSR inicia-se no final do mês de Junho e termina na segunda semana de Setembro, tem como destinatários crianças e jovens como idades compreendidas entre os 6 e 14 anos, dos concelhos de São Vicente e Ribeira Brava. As inscrições são realizadas na sede da Associação ou através das redes sociais.</p>



<hr class="wp-block-separator"/>

<p>No verão de 2009, a Associação de Solidariedade Social Crescer Sem Risco constatou que existia a carência de uma resposta para ocupação dos tempos livres das crianças e jovens dos concelhos de São Vicente e Ribeira Brava, ao longo das</p>
