{"id":130,"date":"2019-02-09T12:36:37","date_gmt":"2019-02-09T12:36:37","guid":{"rendered":"http:\/\/jrab.ddns.net\/?page_id=130"},"modified":"2019-03-02T15:47:18","modified_gmt":"2019-03-02T15:47:18","slug":"erasmus","status":"publish","type":"page","link":"https:\/\/www.crescersemrisco.com\/?page_id=130","title":{"rendered":"Erasmus+"},"content":{"rendered":"\n<p style=\"text-align:center\"> A Associa\u00e7\u00e3o de Solidariedade Social Crescer Sem Risco desde o inicio da sua atividade tamb\u00e9m se aventurou pela Europa, atrav\u00e9s do Programa Erasmus +, que veio permitir a participa\u00e7\u00e3o da Associa\u00e7\u00e3o em v\u00e1rios projectos Europeus, bem como, proporcionar a jovens residentes na Ilha da Madeira a embarcar em experiencias internacionais, nomeadamente, interc\u00e2mbios internacionais e Servi\u00e7o Volunt\u00e1rio Europeu.<br><br> No total a Crescer Sem Risco, com o apoio do Programa Erasmus+, j\u00e1 levou al\u00e9m fronteiras mais de quarenta jovens, a pa\u00edses como, a Gr\u00e9cia, a Holanda, a Turquia, a Finl\u00e2ndia, a Hungria, Rom\u00e9nia, Chipre e Eslov\u00e9nia.<br><br> Ainda no dentro do Programa Erasmus+, a Associa\u00e7\u00e3o Crescer Sem Risco enquanto entidade acreditada para o envio, acolhimento e coordena\u00e7\u00e3o de projectos de Servi\u00e7o Volunt\u00e1rio Europeu, j\u00e1 acolheu mais de doze volunt\u00e1rios oriundos de v\u00e1rios pa\u00edses da Europa, por per\u00edodos de curta e longa dura\u00e7\u00e3o (de um a doze meses).  <br> O Erasmus+ veio abrir os horizontes aos jovens madeirenses, bem como permitir que estes conhe\u00e7am novas culturas e diferentes formas de vida. <\/p>\n\n\n\n<hr class=\"wp-block-separator\"\/>\n","protected":false},"excerpt":{"rendered":"<p>A Associa\u00e7\u00e3o de Solidariedade Social Crescer Sem Risco desde o inicio da sua atividade tamb\u00e9m se aventurou pela Europa, atrav\u00e9s do Programa Erasmus +, que veio permitir a participa\u00e7\u00e3o da Associa\u00e7\u00e3o em v\u00e1rios projectos Europeus, bem como, proporcionar a jovens<\/p>\n","protected":false},"author":1,"featured_media":0,"parent":0,"menu_order":0,"comment_status":"closed","ping_status":"closed","template":"","meta":{"sfsi_plus_gutenberg_text_before_share":"","sfsi_plus_gutenberg_show_text_before_share":"","sfsi_plus_gutenberg_icon_type":"","sfsi_plus_gutenberg_icon_alignemt":"","sfsi_plus_gutenburg_max_per_row":"","footnotes":""},"_links":{"self":[{"href":"https:\/\/www.crescersemrisco.com\/index.php?rest_route=\/wp\/v2\/pages\/130"}],"collection":[{"href":"https:\/\/www.crescersemrisco.com\/index.php?rest_route=\/wp\/v2\/pages"}],"about":[{"href":"https:\/\/www.crescersemrisco.com\/index.php?rest_route=\/wp\/v2\/types\/page"}],"author":[{"embeddable":true,"href":"https:\/\/www.crescersemrisco.com\/index.php?rest_route=\/wp\/v2\/users\/1"}],"replies":[{"embeddable":true,"href":"https:\/\/www.crescersemrisco.com\/index.php?rest_route=%2Fwp%2Fv2%2Fcomments&post=130"}],"version-history":[{"count":4,"href":"https:\/\/www.crescersemrisco.com\/index.php?rest_route=\/wp\/v2\/pages\/130\/revisions"}],"predecessor-version":[{"id":243,"href":"https:\/\/www.crescersemrisco.com\/index.php?rest_route=\/wp\/v2\/pages\/130\/revisions\/243"}],"wp:attachment":[{"href":"https:\/\/www.crescersemrisco.com\/index.php?rest_route=%2Fwp%2Fv2%2Fmedia&parent=130"}],"curies":[{"name":"wp","href":"https:\/\/api.w.org\/{rel}","templated":true}]}}

<p style="text-align:center"> A Associação de Solidariedade Social Crescer Sem Risco desde o inicio da sua atividade também se aventurou pela Europa, através do Programa Erasmus +, que veio permitir a participação da Associação em vários projectos Europeus, bem como, proporcionar a jovens residentes na Ilha da Madeira a embarcar em experiencias internacionais, nomeadamente, intercâmbios internacionais e Serviço Voluntário Europeu.<br><br> No total a Crescer Sem Risco, com o apoio do Programa Erasmus+, já levou além fronteiras mais de quarenta jovens, a países como, a Grécia, a Holanda, a Turquia, a Finlândia, a Hungria, Roménia, Chipre e Eslovénia.<br><br> Ainda no dentro do Programa Erasmus+, a Associação Crescer Sem Risco enquanto entidade acreditada para o envio, acolhimento e coordenação de projectos de Serviço Voluntário Europeu, já acolheu mais de doze voluntários oriundos de vários países da Europa, por períodos de curta e longa duração (de um a doze meses).  <br> O Erasmus+ veio abrir os horizontes aos jovens madeirenses, bem como permitir que estes conheçam novas culturas e diferentes formas de vida. </p>



<hr class="wp-block-separator"/>

<p>A Associação de Solidariedade Social Crescer Sem Risco desde o inicio da sua atividade também se aventurou pela Europa, através do Programa Erasmus +, que veio permitir a participação da Associação em vários projectos Europeus, bem como, proporcionar a jovens</p>
