{"id":118,"date":"2019-02-07T00:05:52","date_gmt":"2019-02-07T00:05:52","guid":{"rendered":"http:\/\/jrab.ddns.net\/?page_id=118"},"modified":"2025-08-08T15:48:57","modified_gmt":"2025-08-08T15:48:57","slug":"prestacao-de-contaa","status":"publish","type":"page","link":"https:\/\/www.crescersemrisco.com\/?page_id=118","title":{"rendered":"Presta\u00e7\u00e3o de Contas"},"content":{"rendered":"\n<ul>\n<li><strong>Ano 2015<\/strong><\/li>\n<\/ul>\n\n\n\n<p><a href=\"https:\/\/www.crescersemrisco.com\/wp-content\/uploads\/2015\/CONTAS_2015.pdf\" target=\"_blank\" rel=\"noreferrer noopener\">Relat\u00f3rio gest\u00e3o 2015<\/a><\/p>\n\n\n\n<p><a href=\"https:\/\/www.crescersemrisco.com\/wp-content\/uploads\/2015\/DOCS_APROV_2015.pdf\" target=\"_blank\" rel=\"noreferrer noopener\">Atas 2015<\/a><\/p>\n\n\n\n<ul>\n<li><strong>Ano 2016<\/strong><\/li>\n<\/ul>\n\n\n\n<p><a href=\"https:\/\/www.crescersemrisco.com\/wp-content\/uploads\/2016\/CONTAS_2016.pdf\" target=\"_blank\" rel=\"noreferrer noopener\">Relat\u00f3rio gest\u00e3o 2016<\/a><\/p>\n\n\n\n<p><a href=\"https:\/\/www.crescersemrisco.com\/wp-content\/uploads\/2016\/DOCS_APROV_2016.pdf\" target=\"_blank\" rel=\"noreferrer noopener\">Atas 2016<\/a><\/p>\n\n\n\n<ul>\n<li><strong>Ano 2017<\/strong><\/li>\n<\/ul>\n\n\n\n<p><a href=\"https:\/\/www.crescersemrisco.com\/wp-content\/uploads\/2019\/03\/RelatorioContas2017.pdf\" target=\"_blank\" rel=\"noreferrer noopener\">Relat\u00f3rio gest\u00e3o 2017<\/a><\/p>\n\n\n\n<p><a href=\"https:\/\/www.crescersemrisco.com\/wp-content\/uploads\/2017\/docs_aprov_2017.pdf\" target=\"_blank\" rel=\"noreferrer noopener\">Atas 2017<\/a><\/p>\n\n\n\n<ul>\n<li><strong>Ano 2018<\/strong><\/li>\n<\/ul>\n\n\n\n<p><a href=\"https:\/\/www.crescersemrisco.com\/wp-content\/uploads\/2019\/10\/RelatorioContas2018.pdf\" target=\"_blank\" rel=\"noreferrer noopener\">Relat\u00f3rio gest\u00e3o 2018<\/a><\/p>\n\n\n\n<p><a href=\"https:\/\/www.crescersemrisco.com\/wp-content\/uploads\/2018\/docs_aprov_2018.pdf\" target=\"_blank\" rel=\"noreferrer noopener\">Atas 2018<\/a><\/p>\n\n\n\n<ul>\n<li><strong>Ano 2019<\/strong><\/li>\n<\/ul>\n\n\n\n<p><a href=\"https:\/\/www.crescersemrisco.com\/wp-content\/uploads\/2020\/10\/RelatorioContas2019.pdf\" target=\"_blank\" rel=\"noreferrer noopener\">Relat\u00f3rio gest\u00e3o 2019<\/a><\/p>\n\n\n\n<p><a href=\"https:\/\/www.crescersemrisco.com\/wp-content\/uploads\/2019\/docs_aprov_2019.pdf\" target=\"_blank\" rel=\"noreferrer noopener\">Atas 2019<\/a><\/p>\n\n\n\n<ul>\n<li><strong>Ano 2020<\/strong><\/li>\n<\/ul>\n\n\n\n<p><a href=\"https:\/\/www.crescersemrisco.com\/wp-content\/uploads\/2022\/02\/Relat\u00f3rio-de-Gest\u00e3o-de-Contas-2020-ACSR-parte-1.pdf\" target=\"_blank\" rel=\"noreferrer noopener\">Relat\u00f3rio gest\u00e3o 2020_PARTE 1<\/a><\/p>\n\n\n\n<p><a href=\"https:\/\/www.crescersemrisco.com\/wp-content\/uploads\/2022\/02\/Relat\u00f3rio-de-Gest\u00e3o-de-Contas-2020-ACSR.pdf\" target=\"_blank\" rel=\"noreferrer noopener\">Relat\u00f3rio gest\u00e3o 2020_PARTE 2<\/a><\/p>\n\n\n\n<p><a href=\"https:\/\/www.crescersemrisco.com\/wp-content\/uploads\/2020\/docs_aprov_2020.pdf\" target=\"_blank\" rel=\"noreferrer noopener\">Atas 2020<\/a><\/p>\n\n\n\n<ul>\n<li><strong>Ano 2021<\/strong><\/li>\n<\/ul>\n\n\n\n<p><a href=\"https:\/\/www.crescersemrisco.com\/wp-content\/uploads\/2022\/06\/prestacaoContas2021.pdf\" target=\"_blank\" rel=\"noreferrer noopener\">Relat\u00f3rio gest\u00e3o 2021<\/a><\/p>\n\n\n\n<p><a href=\"https:\/\/www.crescersemrisco.com\/wp-content\/uploads\/2021\/docs_aprov_2021.pdf\" target=\"_blank\" rel=\"noreferrer noopener\">Atas 2021<\/a><\/p>\n\n\n\n<ul>\n<li><strong>Ano 2022<\/strong><\/li>\n<\/ul>\n\n\n\n<p><a href=\"https:\/\/www.crescersemrisco.com\/wp-content\/uploads\/2023\/05\/Contas2022.pdf\" target=\"_blank\" rel=\"noreferrer noopener\">Relat\u00f3rio gest\u00e3o 2022<\/a><\/p>\n\n\n\n<p><a href=\"https:\/\/www.crescersemrisco.com\/wp-content\/uploads\/2022\/docs_aprov_2022.pdf\" target=\"_blank\" rel=\"noreferrer noopener\">Atas 2022<\/a><\/p>\n\n\n\n<ul>\n<li><strong>Ano 2023<\/strong><\/li>\n<\/ul>\n\n\n\n<p><a href=\"https:\/\/www.crescersemrisco.com\/wp-content\/uploads\/2024\/01\/contas_2023.pdf\" target=\"_blank\" rel=\"noreferrer noopener\">Relat\u00f3rio gest\u00e3o 2023<\/a><\/p>\n\n\n\n<p><a href=\"https:\/\/www.crescersemrisco.com\/wp-content\/uploads\/2023\/docs_aprov_2023.pdf\" target=\"_blank\" rel=\"noreferrer noopener\">Atas 2023<\/a><\/p>\n\n\n\n<ul>\n<li><strong>Ano 2024<\/strong><\/li>\n<\/ul>\n\n\n\n<p><a href=\"https:\/\/www.crescersemrisco.com\/wp-content\/uploads\/2025\/RelatorioGestao2024.pdf\" target=\"_blank\" rel=\"noreferrer noopener\">Relat\u00f3rio gest\u00e3o 2024<\/a><\/p>\n\n\n\n<p><a href=\"https:\/\/www.crescersemrisco.com\/wp-content\/uploads\/2025\/atas_contas_2024.pdf\" target=\"_blank\" rel=\"noreferrer noopener\">Atas 2024<\/a><\/p>\n","protected":false},"excerpt":{"rendered":"<p>Relat\u00f3rio gest\u00e3o 2015 Atas 2015 Relat\u00f3rio gest\u00e3o 2016 Atas 2016 Relat\u00f3rio gest\u00e3o 2017 Atas 2017 Relat\u00f3rio gest\u00e3o 2018 Atas 2018 Relat\u00f3rio gest\u00e3o 2019 Atas 2019 Relat\u00f3rio gest\u00e3o 2020_PARTE 1 Relat\u00f3rio gest\u00e3o 2020_PARTE 2 Atas 2020 Relat\u00f3rio gest\u00e3o 2021 Atas 2021<\/p>\n","protected":false},"author":1,"featured_media":0,"parent":0,"menu_order":0,"comment_status":"closed","ping_status":"closed","template":"","meta":{"sfsi_plus_gutenberg_text_before_share":"","sfsi_plus_gutenberg_show_text_before_share":"","sfsi_plus_gutenberg_icon_type":"","sfsi_plus_gutenberg_icon_alignemt":"","sfsi_plus_gutenburg_max_per_row":"","footnotes":""},"_links":{"self":[{"href":"https:\/\/www.crescersemrisco.com\/index.php?rest_route=\/wp\/v2\/pages\/118"}],"collection":[{"href":"https:\/\/www.crescersemrisco.com\/index.php?rest_route=\/wp\/v2\/pages"}],"about":[{"href":"https:\/\/www.crescersemrisco.com\/index.php?rest_route=\/wp\/v2\/types\/page"}],"author":[{"embeddable":true,"href":"https:\/\/www.crescersemrisco.com\/index.php?rest_route=\/wp\/v2\/users\/1"}],"replies":[{"embeddable":true,"href":"https:\/\/www.crescersemrisco.com\/index.php?rest_route=%2Fwp%2Fv2%2Fcomments&post=118"}],"version-history":[{"count":32,"href":"https:\/\/www.crescersemrisco.com\/index.php?rest_route=\/wp\/v2\/pages\/118\/revisions"}],"predecessor-version":[{"id":462,"href":"https:\/\/www.crescersemrisco.com\/index.php?rest_route=\/wp\/v2\/pages\/118\/revisions\/462"}],"wp:attachment":[{"href":"https:\/\/www.crescersemrisco.com\/index.php?rest_route=%2Fwp%2Fv2%2Fmedia&parent=118"}],"curies":[{"name":"wp","href":"https:\/\/api.w.org\/{rel}","templated":true}]}}